at are the prime factors of t?
2, 31
Suppose 0 = -2*r - 9*r + 3938. What are the prime factors of r?
2, 179
Let v = 1 + 3. Suppose -5*g - v = -79. Suppose 29 = 4*m - g. List the prime factors of m.
11
Suppose 18 = 2*c + c. Suppose -3*s = -c*s + 84. What are the prime factors of s?
2, 7
Suppose d = 2 + 2, -4*z - d + 36 = 0. Suppose -z*x - 160 = -12*x. List the prime factors of x.
2, 5
Let v = 93 + 7. List the prime factors of v.
2, 5
Let p(y) = 5*y**3 + y**2 - 1. Let f be p(1). Suppose f*b - 707 = -4*r - 0*r, -3*r = -3*b - 510. What are the prime factors of r?
173
Let f(z) = -7*z**2 - 24*z - 73. Let o(t) = 3*t**2 + 12*t + 36. Let v(a) = 2*f(a) + 5*o(a). What are the prime factors of v(-8)?
2
Let n(d) = d**3 - d + 5. Let y be n(0). Suppose -2*p + 14 = 2*w - 4*p, -y*w + 4*p + 34 = 0. Suppose 2*a + 72 = w*a. List the prime factors of a.
2, 3
Let u = -10 - 9. Let o = -17 - u. What are the prime factors of o?
2
Let c(x) = -417*x**3 - 2*x**2 - x + 1. Let h be c(-1). Suppose 0 = -4*q + p + h, 3*p = -q - 0*p + 101. List the prime factors of q.
2, 13
Let r(v) = 2*v + 43. Let p be r(-18). Suppose -p*s + 60 = -6*s. List the prime factors of s.
2, 3, 5
Let f(l) = l**3 + 8*l**2 - 27*l + 129. List the prime factors of f(13).
3, 1109
Let s(i) = -i**3 + 19*i**2 - 15*i - 1. Let x be s(18). Suppose -x*d + 51*d = -44. List the prime factors of d.
2, 11
Let w(r) = -3*r + 23. Let o be w(6). Suppose o*v = 159 + 261. What are the prime factors of v?
2, 3, 7
Let a(w) = -6*w - 21. Let l be a(-9). Suppose 3*g = 4*g - l. What are the prime factors of g?
3, 11
Let t(w) = -77*w + 7. Let y be t(1). Let i = y - -135. What are the prime factors of i?
5, 13
Suppose k - 12*k + 4763 = 0. Suppose -637 - k = -5*j. List the prime factors of j.
2, 107
Suppose 5*r = -2*t - 0*r + 56, 206 = 5*t - 4*r. Let y = t + -35. Suppose -9 = -y*n, -3*x + 37 = n - 194. What are the prime factors of x?
2, 19
Suppose -3*t + 2*u = -21 - 18, 0 = t - 3*u - 20. Let b = -11 + t. Suppose 5*k - 4 = 6, -4*w + 3*k + 94 = b. What are the prime factors of w?
5
Let z(s) = 138*s - 54. List the prime factors of z(9).
2, 3, 11
Let g(f) = -122*f - 179. List the prime factors of g(-10).
3, 347
Suppose 2 + 93 = 5*z. Suppose 4*d + 3 = z. Suppose -5*o + 4*n = -185, -d*o = 5*n - 72 - 117. What are the prime factors of o?
41
Suppose 4*d + 166 + 174 = 0. Let l = -28 - d. List the prime factors of l.
3, 19
Let n = 338 + 296. What are the prime factors of n?
2, 317
Let g be -3*606/(-9)*2/4. Suppose -124 = g*j - 105*j. What are the prime factors of j?
31
Let t = 0 + 5. Let x(h) = h**3 - 12*h**2 + 11*h + 3. Let r be x(11). Suppose r*q + 12 = t*q. What are the prime factors of q?
2, 3
Suppose 2*o - 3*u - 291 = -0*u, 0 = -3*o - u + 431. Suppose 2*l + o = 3*y - l, -138 = -3*y - 3*l. What are the prime factors of y?
47
Let p = -1 + 1. Suppose -3*n + 9 = 4*l, p*l + 15 = 5*n + 3*l. What are the prime factors of ((-1)/3)/(n/(-279))?
31
Let u = -39 + 72. Suppose 7*j = 4*j + 3*w - u, -j - 2*w + 4 = 0. Let y = j - -29. List the prime factors of y.
23
Suppose 3*q - q + 2*n = 0, 3*q - 4*n - 28 = 0. Suppose -q*b - 3*i + 125 = 0, 0 = 2*i + 9 + 1. List the prime factors of b.
5, 7
List the prime factors of 4/((-4)/(-119)) - (-16)/8.
11
List the prime factors of (558/8 - 7)*8.
2, 251
Let s be (-3)/(-24)*-2 - 498/24. Let j = s - -51. List the prime factors of j.
2, 3, 5
Let l(g) = g + 8. Let d(x) = x**3 - 4*x**2 - 4*x + 1. Suppose -4*h + 3*t + 19 = 2*t, h - 4*t - 1 = 0. Let p be d(h). What are the prime factors of l(p)?
2, 7
Let h(l) = l**2 - 2*l - 4. Let a(b) = b**2 + 14*b + 15. Let u be a(-13). Suppose 4 = u*r - 4. List the prime factors of h(r).
2
Let w(b) = b**2 - 3*b + 12. Let c = -6 - -13. Let i be w(c). List the prime factors of (2/4)/(2/i).
2, 5
Suppose 4*g - 2328 + 512 = 0. List the prime factors of g.
2, 227
Let x(y) = 4*y**2 + 11*y + 21. Let s be x(-6). Let m = 67 + s. What are the prime factors of m?
2, 83
Suppose 0*k - 1685 = -3*k - 5*r, 2791 = 5*k + 4*r. List the prime factors of k.
3, 5, 37
Suppose 9*o = 14*o + 25. Let y = -43 - o. Let z = y - -67. What are the prime factors of z?
29
Let b = 17 - 22. Let h = b + 8. Suppose -2*t = -5*m - 6, 4 - 10 = -2*t + h*m. List the prime factors of t.
3
Suppose 69*u - 12789 = 6*u. List the prime factors of u.
7, 29
Let h = 489 + -339. Suppose m + h = 6*m. What are the prime factors of m?
2, 3, 5
Suppose 597 + 5823 = -12*i. Let m = -381 - i. What are the prime factors of m?
2, 7, 11
Suppose 10*o = 2*y + 5*o - 1515, -2*y = 3*o - 1523. List the prime factors of y.
2, 5, 19
Suppose 0 = x - 4*s + 9, 5*s - 6 = 2*x + 6. Let c(o) = -23*o + 1. Let q(v) = 45*v - 2. Let a(l) = -5*c(l) - 3*q(l). List the prime factors of a(x).
3, 7
Suppose -2*x - 2*b + 954 = -770, -5*x + 2*b = -4275. What are the prime factors of x?
857
Suppose 6*s = 8*s. Suppose 2*n + 298 = 3*i - s*n, -4*i = -3*n - 398. List the prime factors of i.
2, 7
Let o(x) = -x - 12. Let u be o(-8). Let t = u - -9. Let f = 35 - t. What are the prime factors of f?
2, 3, 5
Suppose 0 = 9*o - 14*o + 5090. What are the prime factors of o?
2, 509
List the prime factors of 22/(-4)*(-920 - 6).
11, 463
Let i = 22 + -7. Let j be (-27)/4*(-40)/i. Let t = 8 + j. List the prime factors of t.
2, 13
Let j(i) = i**3 - 9*i**2 + 7*i + 10. Let c be (16/5)/(2/5). Let y be j(c). List the prime factors of (1/y)/((-5)/(-90)).
3
Let b be 892/6 + (-22)/33. Suppose 232 + b = 4*h. List the prime factors of h.
5, 19
Let f be (-2)/12 - (14/12)/(-7). Suppose f = -3*b - 0*b + 171. What are the prime factors of b?
3, 19
Let s be 20/(-30)*105/(-2). Let z = s - 5. List the prime factors of z.
2, 3, 5
Let g = 258 + 123. List the prime factors of g.
3, 127
Suppose -7829 = -2*t - 5*u, -t + 1438 = 3*u - 2478. What are the prime factors of t?
3907
Let k(j) = j**3 - j**2 - j + 1. Suppose -1 = 3*a - 4. Let f be k(a). Suppose 2*h + 2 = f, 4*d - 17 = -h + 26. What are the prime factors of d?
11
Let k = -6 - -8. Suppose h + 2*r = 2*h - 7, k*h - 8 = r. Let t(p) = p**2 - p + 3. List the prime factors of t(h).
3
Let m(l) be the third derivative of l**6/180 + l**5/24 + 5*l**4/24 - l**3/6 + 5*l**2. Let q(y) be the first derivative of m(y). List the prime factors of q(-4).
17
List the prime factors of (6 + 27/6)*10.
3, 5, 7
Suppose -5*w = -3*m - 8, -4*m + 2*m - 7 = -5*w. Let c be m/(((-3)/1)/(-9)). List the prime factors of -1*((-8 - c) + 2).
3
Let w = 49 + -21. Suppose -3*r - 3*m + 62 + 133 = 0, -2*r + 155 = -3*m. List the prime factors of (14/5)/(w/r).
7
Let p = 85 - 56. Let o = p + -55. Let w = o + 43. What are the prime factors of w?
17
List the prime factors of 1 - (-10)/(-2) - (-490)/7.
2, 3, 11
Suppose -5*u + 27017 = p - 8*p, 0 = 5*u - 2*p - 27037. What are the prime factors of u?
3, 601
Let f(u) = -2*u**2 + 49*u - 27. Let s be f(22). Let p = s - -10. What are the prime factors of p?
3, 31
Let i = 643 + -141. What are the prime factors of i?
2, 251
Suppose 0 = 5*n - 5 - 5. Let q be 2*(-1)/2*1. List the prime factors of (q/n)/((-1)/74).
37
Let a(h) be the third derivative of h**6/360 + h**5/60 + h**3/6 + h**2. Let g(d) be the first derivative of a(d). What are the prime factors of g(-3)?
3
Let q(h) = -1031*h - 27. List the prime factors of q(-2).
5, 11, 37
Let r = 11 + -16. Let k = r - -11. Suppose 0 = -4*v - 16, 3*w + k*v - 38 = 2*v. List the prime factors of w.
2, 3
Let t = 112 + -112. Suppose t = j + 1 - 26. What are the prime factors of j?
5
Suppose 2306 + 1234 = 15*x. What are the prime factors of x?
2, 59
Suppose 0 = -29*a + 42099 + 139006. List the prime factors of a.
5, 1249
Let z = -434 + 1891. What are the prime factors of z?
31, 47
Let k = -10 + 10. Suppose 2*x = -k*x + 8. List the prime factors of (-5)/x*(1 + -9).
2, 5
Let b(i) = -64*i + 114. Let f(v) = -21*v + 38. Let g(m) = 4*b(m) - 11*f(m). What are the prime factors of g(-7)?
3, 71
Suppose y = -7*y + 3664. List the prime factors of y.
2, 229
Let k(x) = -x**3 + 4*x**2 + 2*x + 1. Let p be k(4). Suppose r = 4*r - p. Suppose -o + r*w = -50, -o = 3*w - 28 - 10. List the prime factors of o.
2, 11
Suppose 31*t + 92829 = 128*t. What are the prime factors of t?
3, 11, 29
What are the prime factors of ((-4)/(-5))/((8/3620)/2)?
2, 181
Suppose 0 = -3*z + 9459 + 2139. List the prime factors of z.
2, 1933
Let c(g) = -g**2 + g. Let 